 What is the units digit of 4/((-2)/d*(-15)/3)?
2
Suppose -3632 = 14*y - 16*y. What is the tens digit of y?
1
Let u = 53365 - 37193. What is the units digit of u?
2
Suppose 0 = -3*a + 3*o, -4*o + 5*o - 2 = 0. Suppose 0 = -3*q - a*i - 2*i + 661, -4*q = 3*i - 893. Suppose v - q = -80. What is the tens digit of v?
4
Suppose 34290 = 10*a - 165310. What is the ten thousands digit of a?
1
Let k(p) = 193*p**2 - 80*p + 561. What is the hundreds digit of k(10)?
0
Suppose 0 = -3*c + 6, -5*k = -10*c + 9*c - 52278. Suppose 75*p = 83*p - k. What is the thousands digit of p?
1
Let w(j) = -32 + 61 - 24*j - 40. What is the units digit of w(-17)?
7
Suppose 0 = 29*c - 243333 + 41493. What is the units digit of c?
0
What is the hundreds digit of 3 - (-7)/((-49)/(-8883))?
2
Suppose 0 = -3*r - 18 + 45. Suppose 3*m = m + 2*o + 12, 5*o = -2*m - r. Suppose -m*a = 15, 0 = -4*p - 2*a + 437 + 469. What is the units digit of p?
9
Suppose z - 5 = -2*s, -z + s + 7 = -13. Let t(i) = i**3 - 14*i**2 + 13*i + 31. What is the hundreds digit of t(z)?
4
Suppose 4*n = 10 + 10. Suppose 14 = 2*v - 3*u + 6*u, 2*v - n*u = -2. Suppose -x + 4*b + 106 = v*x, 2*x + 2*b = 46. What is the tens digit of x?
2
Let k(m) = -60*m + 5. Let c be (-2)/15*-5*9/2. Suppose -13 = -o + c*r, 5*o - 2*o = -3*r - 21. What is the hundreds digit of k(o)?
1
Suppose -22 - 44 = 11*c. What is the tens digit of (3/(-6) + 5)/(c/(-648))?
8
Suppose 4*s - 2*s - 4*a = 15776, -23659 = -3*s + a. What is the thousands digit of s?
7
Suppose 0 = 4*i - 4*k - 43600, -4*i + 115*k - 113*k = -43596. What is the ten thousands digit of i?
1
Let u be -19 + -4 + (-20)/(-4). Let p(l) = l**3 + 22*l**2 + 23*l - 2. What is the hundreds digit of p(u)?
8
Suppose -4*r + 24654 = m - 2162, 5*r - 33535 = -5*m. What is the tens digit of r?
0
Suppose 3*m = -n + 35988, -3422*n = -3421*n - 3. What is the tens digit of m?
9
Let p be (-7)/28*(-41 - 3). Suppose 0 = p*o - 7*o - 16. Suppose -m + 0*m + 95 = q, o*q = 3*m + 366. What is the units digit of q?
3
Let y = -11005 - -21965. What is the ten thousands digit of y?
1
Suppose -39340 = -2*r - 6*r + 6*r. What is the thousands digit of r?
9
Suppose -3*l + 4*o = -28, -o + 3 = 3*l - 5. Suppose 6*j = l*z + 2*j - 32, 4*z - 44 = -2*j. What is the units digit of z?
0
Suppose 5*u - 4115 = -4*k, 0 = 2*u + k + 168 - 1811. Suppose f = 3*d + 268, 4*f - u - 198 = d. What is the hundreds digit of f?
2
What is the hundreds digit of 157940/28 - (-80)/280?
6
Let m = 77598 + -46692. What is the thousands digit of m?
0
Suppose -4*g + c - 2*c = 15, 2*g = -2*c - 6. Let b(u) = -61*u - 1. Let z be b(g). Suppose -5*j = -5*h + 1300, 739 = 2*h + 4*j + z. What is the units digit of h?
6
Let s = 349 - 335. What is the hundreds digit of (s - (12 - 9))/((-2)/(-118))?
6
Let c(b) = -4*b + b**3 - 15*b**2 + 0 + 0 + 1 - 18. Let f(j) = j**2 - 5*j + 2. Let n be f(7). What is the units digit of c(n)?
5
Let l = 6801 + -676. Suppose 15*i - 2560 = l. What is the tens digit of i?
7
Suppose -53 = -4*x + 3*t, 2*t - 78 = 2*x - 6*x. Suppose 18*f + 387 = x*f. What is the tens digit of (-1)/((-384)/f - 1)?
2
Suppose -15*k + 10*k + 35 = 0. Suppose -11 + 4 = -k*s. What is the units digit of 121*s - ((6 - 0) + -5)?
0
Suppose -91*b - 29*b + 14943 + 205857 = 0. What is the tens digit of b?
4
Let o(l) = -11*l**2 + 27*l + 67. Let g(c) = -9*c**2 + 26*c + 68. Let x(j) = -5*g(j) + 4*o(j). What is the tens digit of x(-19)?
0
Let a be 48*(9 - (264/(-32) - -7)). Suppose 0*f + f = 3. Suppose -f*o + 654 = 4*c, 3*c + 3*o = -0*c + a. What is the tens digit of c?
6
Let s be 3 - 4 - (-11 + 1 + 0). Suppose 0*b + 4*b - 3*t = -s, -5*t = 5*b - 15. Suppose b = -5*a + 1 - 11, -a + 304 = 3*c. What is the tens digit of c?
0
Let y = 8 - 18. Let f(u) = -3*u**3 + 16*u**2 + 18*u. Let n(r) = -r**3 + r**2 + r + 1. Let w(x) = f(x) - 4*n(x). What is the units digit of w(y)?
6
Let x = -6809 - -18590. What is the ten thousands digit of x?
1
Suppose g - c + 6 = 11, -2*c = 8. Let r be ((-99)/(-44))/(g/4). Let m = r + 102. What is the tens digit of m?
1
Let d(m) = m**3 - 2*m**2 - 8*m - 29. Let r be d(5). Let k(n) = 284*n + 118. What is the units digit of k(r)?
2
What is the units digit of -28958*(-1)/5 - 248/(-620)?
2
Let z(l) = 6*l - 17. Let r(t) = 4*t - 5. Let w be r(2). Let m be z(w). What is the units digit of m - 78/(-3 + 0)?
7
Suppose 15308 = 3*j - 17*x + 24*x, -j = -5*x - 5132. What is the thousands digit of j?
5
Let g = -29 + 31. Let k be g/(-7) + (-1740)/35. What is the units digit of 1*((4 - k) + 0)?
4
Suppose 0 = -2*p + 1 - 15. Let v = p + 9. Suppose 3*d - 33 = -3*y, 2*d = -v*d - y + 44. What is the units digit of d?
1
Suppose 1578*y = 1559*y + 177232. What is the hundreds digit of y?
3
Let x(t) be the first derivative of 823*t**2/2 + 23*t + 194. What is the units digit of x(1)?
6
Let o(x) be the first derivative of 49*x**4/4 - 2*x**3/3 - x**2 + 3*x - 209. What is the thousands digit of o(3)?
1
Let n be (-8 + -1)*(-5)/(-15) - -39. Suppose 4*a + 5*o = 5404, -2*a + n*o - 33*o = -2702. What is the hundreds digit of a?
3
Suppose k + 3*g = -k - 2, -2*g - 8 = 0. Suppose 0 = -k*z + 5*n + 195, -5*n + 4*n = 4*z - 171. What is the tens digit of z?
4
Let y = -39 + 53. Suppose 0 = 2*w - u - 430, y*u - 656 = -3*w + 10*u. What is the hundreds digit of w?
2
What is the hundreds digit of (-1860)/4*(-15275)/141?
3
Let k = 17534 - -37783. What is the ten thousands digit of k?
5
Suppose -43*q = -15*q - 314982 - 1031790. What is the thousands digit of q?
8
Let o = -969 - -953. Let i(l) = 2*l**3 + 38*l**2 + 16*l - 19. What is the hundreds digit of i(o)?
2
Let z(f) = 26*f**3 - 16*f**2 + 54*f + 15. What is the hundreds digit of z(10)?
9
Let o = -11410 - -24953. What is the hundreds digit of o?
5
Suppose 501*m = -15592901 + 37310750. What is the tens digit of m?
4
Suppose 2*q + 4 = 2*u - 2, 12 = -4*q. Suppose u = -4*f - 2*b + 24, -2*f + 7*b = 2*b. Suppose -f*j = -1738 + 243. What is the tens digit of j?
9
Suppose -4*a + 169 = o - 42, 0 = -o - 2*a + 217. Let u = o + -46. Let n = u + -132. What is the tens digit of n?
4
Let x(v) be the third derivative of -v**5/60 + 7*v**4/24 - v**3/6 + 4*v**2. Let w be x(6). What is the units digit of w*16/(-12)*-3?
0
Suppose 329*u + 261395 = 3788604. What is the units digit of u?
1
Let a = 25950 - 16358. What is the hundreds digit of a?
5
What is the ten thousands digit of (901800/6)/6 + (18 - 11)?
2
Suppose f - 5*g = 16681, 6194 - 39580 = -2*f - 2*g. What is the ten thousands digit of f?
1
Let g be (-1)/(-2)*2 + 3/1. Suppose 0 = -4*z - g, 6*l + z = 5*l + 948. What is the hundreds digit of l?
9
Suppose 4*o - 17313 - 6227 = 0. What is the hundreds digit of o?
8
Let q(p) = -4*p**3 - 59*p**2 - 3*p - 41. What is the units digit of q(-17)?
1
Suppose 0 = -4*u + 4*a + 64, -2 - 9 = -u - 4*a. Let n = u - -38. Let f = 21 + n. What is the units digit of f?
4
Let g(x) = -x**3 - 2*x**2 + 14*x - 5. Let b(k) = 2*k**3 + 3*k**2 - 27*k + 10. Let a(c) = 6*b(c) + 11*g(c). What is the hundreds digit of a(9)?
3
Suppose -5*j - 1102 = -6*j + 3*o, -2*j + 2222 = 3*o. What is the tens digit of j*9*(-6)/(-72)?
3
Let o(j) = 7*j + 68. Let n be o(-9). Suppose -5110 = -5*b - 5*s, -44*b + 42*b + 2047 = n*s. What is the thousands digit of b?
1
What is the ten thousands digit of 69/161 + (128638/14)/((-34)/(-204))?
5
Let d = 253 - 232. What is the tens digit of 3516/42 - (-6)/d?
8
Let u = 114 + -426. Let q = u + 1183. What is the hundreds digit of q?
8
Let q(j) = -j**3 + 5*j**2 - 6*j + 12. Let g be q(5). Let i = g + 23. Suppose -i = -5*n, 427 = 4*h + 2*n + 101. What is the units digit of h?
1
Suppose -2*n - 4*l + 5342 = 0, 3*n - 5*n + 5326 = -4*l. Suppose 2*a + 5*m = 2637, -4*m = -2*a - 3*m + n. What is the thousands digit of a?
1
Suppose 5*i = s - 9031, 0 = -2*s - 21*i + 20*i + 18040. What is the thousands digit of s?
9
Let u be (-144)/(-45) + 1/(-5). Suppose -p - o = -4*p + 307, u*p = 5*o + 311. Suppose p = 3*g - 705. What is the units digit of g?
9
What is the tens digit of (12/(-40))/((-1)/1810)?
4
Let v = -75 - -81. Suppose 18 - v = 3*n. Suppose 1375 = -n*o + 15*o. What is the units digit of o?
5
What is the thousands digit of 9690/(-7)*462/(-99)?
6
Let f = 14571 + 8820. What is the tens digit of f?
9
Suppose 30*o + 45483 = 164008 + 90185. What is the thousands digit of o?
6
Let m(w) = -w**3